{"id":18,"date":"2024-05-31T14:09:51","date_gmt":"2024-05-31T14:09:51","guid":{"rendered":"https:\/\/katpaz.cl\/home\/?p=18"},"modified":"2024-05-31T17:18:56","modified_gmt":"2024-05-31T17:18:56","slug":"product-01","status":"publish","type":"product","link":"https:\/\/katpaz.cl\/home\/index.php\/producto\/product-01\/","title":{"rendered":"PANTALON CASIMIR GRIS NI\u00d1O"},"content":{"rendered":"<p>Pantal\u00f3n gris de colegio ni\u00f1o.<\/p>\n","protected":false},"excerpt":{"rendered":"<p>Pantal\u00f3n gris de colegio ni\u00f1o.<\/p>\n","protected":false},"featured_media":103,"comment_status":"closed","ping_status":"closed","template":"","meta":[],"product_cat":[22],"product_tag":[],"class_list":{"0":"post-18","1":"product","2":"type-product","3":"status-publish","4":"has-post-thumbnail","6":"product_cat-verbodivino","8":"first","9":"instock","10":"shipping-taxable","11":"purchasable","12":"product-type-variable"},"jetpack_sharing_enabled":true,"_links":{"self":[{"href":"https:\/\/katpaz.cl\/home\/index.php\/wp-json\/wp\/v2\/product\/18","targetHints":{"allow":["GET"]}}],"collection":[{"href":"https:\/\/katpaz.cl\/home\/index.php\/wp-json\/wp\/v2\/product"}],"about":[{"href":"https:\/\/katpaz.cl\/home\/index.php\/wp-json\/wp\/v2\/types\/product"}],"replies":[{"embeddable":true,"href":"https:\/\/katpaz.cl\/home\/index.php\/wp-json\/wp\/v2\/comments?post=18"}],"wp:featuredmedia":[{"embeddable":true,"href":"https:\/\/katpaz.cl\/home\/index.php\/wp-json\/wp\/v2\/media\/103"}],"wp:attachment":[{"href":"https:\/\/katpaz.cl\/home\/index.php\/wp-json\/wp\/v2\/media?parent=18"}],"wp:term":[{"taxonomy":"product_cat","embeddable":true,"href":"https:\/\/katpaz.cl\/home\/index.php\/wp-json\/wp\/v2\/product_cat?post=18"},{"taxonomy":"product_tag","embeddable":true,"href":"https:\/\/katpaz.cl\/home\/index.php\/wp-json\/wp\/v2\/product_tag?post=18"}],"curies":[{"name":"wp","href":"https:\/\/api.w.org\/{rel}","templated":true}]}}